{"id":163,"date":"2025-06-03T13:34:14","date_gmt":"2025-06-03T13:34:14","guid":{"rendered":"https:\/\/hv-gaussmann.de\/wordpress\/?page_id=163"},"modified":"2025-06-03T13:34:14","modified_gmt":"2025-06-03T13:34:14","slug":"datenschutzerklaerung","status":"publish","type":"page","link":"https:\/\/hv-gaussmann.de\/wordpress\/?page_id=163","title":{"rendered":"Datenschutzerkl\u00e4rung"},"content":{"rendered":"\n<p>Datenschutzerkl\u00e4rung<\/p>\n\n\n\n<p>&nbsp;\u00a7&nbsp;1&nbsp;Information \u00fcber die Erhebung personenbezogener Daten<\/p>\n\n\n\n<p>&nbsp;(1) Im Folgenden informieren wir \u00fcber die Verarbeitung personenbezogener Daten bei Nutzung unserer Website. Personenbezogene Daten sind alle Daten, die auf Sie pers\u00f6nlich beziehbar sind, zB Name, Adresse, E-Mail-Adressen, Nutzerverhalten. Dadurch m\u00f6chten wir Sie \u00fcber unsere Verarbeitungsvorg\u00e4nge informieren und zugleich den gesetzlichen Pflichten, insbesondere aus der EU-Datenschutz-Grundverordnung (DS-GVO), nachkommen.<\/p>\n\n\n\n<p>(2) Verantwortlicher gem. Art.&nbsp;4 Abs.&nbsp;7 DS-GVO ist Martin Gau\u00dfmann, M\u00fcnchener Str. 17, 93326 Abensberg. (siehe unser Impressum).Wenden Sie sich bei Fragen zum Datenschutz gerne an den vorgenannten Kontakt.]<\/p>\n\n\n\n<p>(3) Bei Ihrer Kontaktaufnahme mit uns per E-Mail oder \u00fcber ein Kontaktformular werden die von Ihnen mitgeteilten Daten (Ihre E-Mail-Adresse, ggf. Ihr Name und Ihre Telefonnummer) von uns gespeichert, um Ihre Fragen zu beantworten. Die in diesem Zusammenhang anfallenden Daten l\u00f6schen wir \u2013 falls die Anfrage einem Vertrag zugeordnet wird \u2013 nach den Fristen zur Vertragslaufzeit. Ansonsten l\u00f6schen wir die anfallenden Daten nachdem die Speicherung nicht mehr erforderlich ist, maximal nach drei Jahre nach Entstehen der Daten zum Ende der allgemeinen Verj\u00e4hrungsfrist oder schr\u00e4nken die Verarbeitung ein, falls gesetzliche Aufbewahrungspflichten bestehen.<\/p>\n\n\n\n<p>&nbsp;(4) Falls wir f\u00fcr einzelne Funktionen unseres Angebots auf beauftragte Dienstleister zur\u00fcckgreifen oder Ihre Daten f\u00fcr werbliche Zwecke nutzen m\u00f6chten, werden wir diese Dienstleister stets sorgf\u00e4ltig ausw\u00e4hlen und \u00fcberwachen und informieren Sie untenstehend im Detail \u00fcber die jeweiligen Vorg\u00e4nge. Dabei nennen wir auch die festgelegten Kriterien der Speicherdauer.<\/p>\n\n\n\n<p>&nbsp;\u00a7&nbsp;2 Ihre Rechte<\/p>\n\n\n\n<p>(1) Sie haben gegen\u00fcber einem Verantwortlichen folgende Rechte hinsichtlich der Sie betreffenden personenbezogenen Daten:<\/p>\n\n\n\n<ul class=\"wp-block-list\">\n<li>&#8211; Recht auf Auskunft<\/li>\n\n\n\n<li>&#8211; Recht auf Berichtigung oder L\u00f6schung<\/li>\n\n\n\n<li>&#8211; Recht auf Einschr\u00e4nkung der Verarbeitung<\/li>\n\n\n\n<li>&#8211; Recht auf Widerspruch gegen die Verarbeitung<\/li>\n\n\n\n<li>&#8211; Recht auf Daten\u00fcbertragbarkeit<\/li>\n\n\n\n<li>&#8211; Recht auf Werbewiderspruch und Widerruf einer Einwilligung.<\/li>\n<\/ul>\n\n\n\n<p>(2) Sie haben zudem das Recht, sich bei einer Datenschutz-Aufsichtsbeh\u00f6rde \u00fcber die Verarbeitung Ihrer personenbezogenen Daten durch uns zu beschweren.<\/p>\n\n\n\n<p>&nbsp;\u00a7&nbsp;3 Verarbeitung personenbezogener Daten bei Besuch unserer Website<\/p>\n\n\n\n<p>Bei der informatorischen Nutzung der Website,also der blo\u00dfen Betrachtung ohne eine Registrierung und ohne dass Sie uns anderweitig Informationen mitteilen, verarbeiten wir die personenbezogenen Daten, die Ihr Browser an unseren Server \u00fcbermittelt. Die nachfolgend beschriebenen Daten sind f\u00fcr uns technisch erforderlich, um Ihnen unsere Website anzuzeigen und die Stabilit\u00e4t und Sicherheit zu gew\u00e4hrleisten und m\u00fcssen daher von uns verarbeitet werden.5 Rechtsgrundlage ist Art.&nbsp;6 Abs.&nbsp;1 S.&nbsp;1 lit.&nbsp;f DS-GVO:6<\/p>\n\n\n\n<ul class=\"wp-block-list\">\n<li>IP-Adresse<\/li>\n\n\n\n<li>Datum und Uhrzeit der Anfrage<\/li>\n\n\n\n<li>\u00a0Zeitzonendifferenz zur Greenwich Mean Time (GMT)<\/li>\n\n\n\n<li>\u00a0Inhalt der Anforderung (besuchte Seite)<\/li>\n\n\n\n<li>Zugriffsstatus\/HTTP-Statuscode<\/li>\n\n\n\n<li>\u00a0jeweils \u00fcbertragene Datenmenge<\/li>\n\n\n\n<li>\u00a0vorher besuchte Seite<\/li>\n\n\n\n<li>\u00a0Browser<\/li>\n\n\n\n<li>Betriebssystem<\/li>\n\n\n\n<li>Sprache und Version der Browsersoftware.<\/li>\n<\/ul>\n","protected":false},"excerpt":{"rendered":"<p>Datenschutzerkl\u00e4rung &nbsp;\u00a7&nbsp;1&nbsp;Information \u00fcber die Erhebung personenbezogener Daten &nbsp;(1) Im Folgenden informieren wir \u00fcber die Verarbeitung personenbezogener Daten bei Nutzung unserer Website. Personenbezogene Daten sind alle Daten, die auf Sie pers\u00f6nlich beziehbar sind, zB Name, Adresse, E-Mail-Adressen, Nutzerverhalten. Dadurch m\u00f6chten wir Sie \u00fcber unsere Verarbeitungsvorg\u00e4nge informieren und zugleich den gesetzlichen Pflichten, insbesondere aus der EU-Datenschutz-Grundverordnung (DS-GVO), <a href=\"https:\/\/hv-gaussmann.de\/wordpress\/?page_id=163\" rel=\"nofollow\"><span class=\"sr-only\">Read more about Datenschutzerkl\u00e4rung<\/span>[&hellip;]<\/a><\/p>\n","protected":false},"author":2,"featured_media":0,"parent":0,"menu_order":0,"comment_status":"closed","ping_status":"closed","template":"","meta":{"footnotes":""},"class_list":["post-163","page","type-page","status-publish","hentry"],"_links":{"self":[{"href":"https:\/\/hv-gaussmann.de\/wordpress\/index.php?rest_route=\/wp\/v2\/pages\/163","targetHints":{"allow":["GET"]}}],"collection":[{"href":"https:\/\/hv-gaussmann.de\/wordpress\/index.php?rest_route=\/wp\/v2\/pages"}],"about":[{"href":"https:\/\/hv-gaussmann.de\/wordpress\/index.php?rest_route=\/wp\/v2\/types\/page"}],"author":[{"embeddable":true,"href":"https:\/\/hv-gaussmann.de\/wordpress\/index.php?rest_route=\/wp\/v2\/users\/2"}],"replies":[{"embeddable":true,"href":"https:\/\/hv-gaussmann.de\/wordpress\/index.php?rest_route=%2Fwp%2Fv2%2Fcomments&post=163"}],"version-history":[{"count":1,"href":"https:\/\/hv-gaussmann.de\/wordpress\/index.php?rest_route=\/wp\/v2\/pages\/163\/revisions"}],"predecessor-version":[{"id":165,"href":"https:\/\/hv-gaussmann.de\/wordpress\/index.php?rest_route=\/wp\/v2\/pages\/163\/revisions\/165"}],"wp:attachment":[{"href":"https:\/\/hv-gaussmann.de\/wordpress\/index.php?rest_route=%2Fwp%2Fv2%2Fmedia&parent=163"}],"curies":[{"name":"wp","href":"https:\/\/api.w.org\/{rel}","templated":true}]}}